at is the remainder when q is divided by c(z)?
7
Let z be 6/8*5*-40. Let j = -101 - z. Let s(g) = -g**3 - 7*g**2 - 2*g - 4. What is the remainder when j is divided by s(-7)?
9
Let q(r) = 929*r + 4660. Calculate the remainder when 78 is divided by q(-5).
3
Let u = 43 - 41. Suppose -u*k + 4 = -0*k. Suppose 26 = -3*y + 3*a + 161, -k*a - 139 = -3*y. What is the remainder when y is divided by 18?
13
Let v = -20 + 23. Suppose 4*i - v*g - 1 = -8, -5*g = -25. Suppose -i*z = -0*z - 10. What is the remainder when 18 is divided by z?
3
Suppose 57*k + 11369 = -0*k + 31547. Calculate the remainder when k is divided by 198.
156
Suppose -107*f = -102*f - 25. Suppose 5*w = f*u + w - 131, 4*w - 85 = -3*u. What is the remainder when 37 is divided by u?
10
Let k(c) = c**3 + 2*c**2 + c + 3. Let n be ((-3)/9)/((-1)/(-6)). Let f be k(n). Calculate the remainder when f + (-3 - 2) - -106 is divided by 26.
24
Suppose -j = 4*j - 20, -4*j - 608 = 3*p. Let w = -197 - p. Calculate the remainder when 31 is divided by w.
9
Suppose -k + 185 = 3*q - 6*k, 2*q - 5*k = 130. Let c(d) = 40*d**2 + 59*d + 11. What is the remainder when c(3) is divided by q?
53
Let j(w) = 10*w**2 - 14*w + 66. What is the remainder when j(7) is divided by 70?
38
Let l(s) = 5*s - 24. Let k(z) = 6*z - 23. Let d(g) = 4*k(g) - 5*l(g). Suppose -35746 - 8405 - 5032 = -359*f. What is the remainder when f is divided by d(0)?
25
Let n be (-39)/(-2)*32/(-12). Calculate the remainder when (n - 19)*(-2 - -1) is divided by 21.
8
Suppose -13*p = -5*p - 16. Suppose -p*r = -4*r - l + 121, -4*r + 2*l + 254 = 0. Let w = r + -28. Calculate the remainder when w is divided by 9.
7
What is the remainder when 1554 is divided by 3*(-9 + 112) - (-10 - 5 - -6)?
282
Let i(z) be the second derivative of 7/6*z**3 + 1/12*z**4 + 7/2*z**2 + 0 - 3*z. Calculate the remainder when i(-9) is divided by 9.
7
Let x(f) = -53*f - 307. Suppose 0 = -5*c - 4*i + 1083, -3*c - c = i - 862. Suppose -c = -r - 4*r. Calculate the remainder when r is divided by x(-6).
10
Let h = 2339 + -2242. What is the remainder when h is divided by 0 - -20 - 18/(-30)*-5?
12
Suppose 4*s = 8*s + 3*f - 268, -f = 3*s - 201. What is the remainder when 484 is divided by (-6 + 4)*3 + s?
57
Let i = -1065 + 1376. Calculate the remainder when 320 is divided by i.
9
Let c(j) = 2*j - 25819 + 25825 + 47*j**2 + 3*j. Let f = 136 - 95. Calculate the remainder when c(2) is divided by f.
40
Let t(s) be the second derivative of -s**3/3 + 20*s**2 + 38*s. Calculate the remainder when -2 + (-12)/(-2) - (-5 - 0) is divided by t(16).
1
Let s(p) = -p + 21. Let x be 5 + -9 + (-2 - 45/(-3)). What is the remainder when s(x) is divided by 3?
0
Let n be (-2)/3 + 23/3 - 4. Suppose 59 = 3*j + 4*d, -2*j - 37 = -n*j + 3*d. Let k = -69 + 77. Calculate the remainder when j is divided by k.
1
Suppose 3*l - 17 = 16. Let y = -608 + 826. Calculate the remainder when y is divided by l.
9
Let d(q) = -2*q + 2. Let g be d(-7). Suppose -93*j + 98*j = 100. Calculate the remainder when g/12 + j/3 is divided by 6.
2
Suppose -5*g - 524 = 3*d, -3*g + 7*d - 306 = 6*d. Let o = 179 + g. What is the remainder when o is divided by 23?
7
Let d(n) = -22*n + 115. Let l be d(5). Calculate the remainder when 509 is divided by l/10*(127 - (-3)/3).
61
Calculate the remainder when (10/4 - 1)*542 + (-962 - -970) is divided by 61.
28
Let l(u) = -3*u + 1. Let a(s) = -22*s + 11. Let m be a(-7). Let i = m + -93. Calculate the remainder when i is divided by l(-8).
22
Let y = 124 - 122. Calculate the remainder when 240*4*2/20 is divided by (-3)/(-12) + (y - (-94)/8).
12
Let l(c) = -2*c**2 - 34*c + 128. What is the remainder when l(-12) is divided by 9?
5
Suppose -3*d = 2*o - 20, -5*o - 4 + 35 = -2*d. What is the remainder when 118 is divided by d?
0
Let f be 28/21*(-6)/(-4). Let t(s) = 3*s**2 - 5*s + 4. Let x be t(f). Suppose x*w = 131 - 29. Calculate the remainder when 50 is divided by w.
16
Suppose 0 = -c + t - 255, 0*c + 4*c = -3*t - 1027. Let y = c + 471. Suppose i + 121 = 3*z + z, 4*i - 167 = -5*z. What is the remainder when y is divided by z?
29
Let a(h) = h**3 + 7*h**2 - 17*h + 20. Let x = 54 - 20. Suppose -x*s + 100 = -29*s. What is the remainder when a(3) is divided by s?
19
Let p(o) = -157*o**3 - 6*o**2 - 52*o - 151. Calculate the remainder when p(-3) is divided by 17.
8
Let k(h) = -19*h**2 - 727*h - 93. What is the remainder when 2032 is divided by k(-38)?
92
Suppose -197*m + 196*m = 5, 5*m = -z + 266. What is the remainder when z is divided by 67?
23
Let j(f) = 2*f**2 - 344*f + 16601. What is the remainder when j(61) is divided by 20?
19
What is the remainder when (-24)/40*-10*-1 - -397 is divided by 33?
28
Let x = 258 + -245. Calculate the remainder when 2403 is divided by x.
11
Let m = -656 + 667. Suppose 13*g - y - 127 = m*g, 2*g + y = 121. Calculate the remainder when g is divided by 43.
19
Let b = 33 + -47. Calculate the remainder when (0 - -1)/((-10)/(-670)) is divided by (-4)/b + (-159)/(-7).
21
Let a = -14080 - -14197. What is the remainder when a is divided by 41?
35
Suppose 5*n = 18*d - 14*d + 307, -3*n + 5*d = -179. Calculate the remainder when n is divided by 16.
15
What is the remainder when (270/(-360))/((-2)/136) is divided by 25?
1
Suppose 5*y - 6*y = -6*y. Suppose -3*f + 13 = 5*z, y = -2*z + 3*f - 4*f + 5. Suppose z = 3*t - 16. Calculate the remainder when 105 is divided by t.
3
What is the remainder when 115 + -7 - 0/(-4 - (0 + -6)) is divided by 19?
13
Suppose 103 = -99*x + 17*x + 4121. What is the remainder when 4062 is divided by x?
44
Let y = -50 - -64. Let v be (-12)/y*(-17 - 11). Calculate the remainder when 25 is divided by ((-6)/4)/((-4)/v).
7
Let s(n) = -3*n**3 - 16*n**2 - n + 39. What is the remainder when 1288 is divided by s(-5)?
15
Suppose 2*h = 6*h - 2*o - 54, 5 = 5*o. Suppose 3*y - h + 5 = 0. Let i = y + 83. What is the remainder when i is divided by 22?
20
Suppose -3*d + 10 = 1. Suppose 5*m + r - 19 - 8 = 0, d*r = -4*m + 15. Calculate the remainder when 50 is divided by (m/(-15))/((-2)/30).
2
Let k(a) = 14*a - 28. Let y be k(2). Suppose 132 = -y*o + 4*o. What is the remainder when o is divided by 4?
1
Suppose -44*p + 36*p + 16 = 0. Suppose 0 = 5*f + 10, p*f = -5*c + f + 183. What is the remainder when c is divided by 8?
5
Let u(w) = -3*w - 4. Let z(m) = 10*m + 12. Let g(n) = 7*u(n) + 2*z(n). Let o be g(-7). Let t = o + 14. Calculate the remainder when 99 is divided by t.
14
Suppose -5*z - 3*m + 25 = 0, -7*z + 5*m + 15 = -4*z. Suppose -1985 = -5*f - z*p, 0*f + 4*p = -f + 388. What is the remainder when f is divided by 31?
28
Let w be 1 - ((-2)/(-2) + 3 + -10). Suppose 4*r + 5*a = 41, -a - 2 = -w. Calculate the remainder when r is divided by 1.
0
Calculate the remainder when 13 is divided by (3 - 42/18)/(30/585).
0
Let g(l) = 35*l - 17. Calculate the remainder when g(8) is divided by -3*402/(-9)*2/4.
62
Let t(n) = -3*n + 9. Let k be t(2). Suppose 5*h - 2*r - 12 = -0*r, -4*h - 5*r = -k. What is the remainder when 50 is divided by h?
0
Let v = -658 - -1001. Suppose 431 = 3*p - 2*y, 2*y = -4*p + 213 + v. What is the remainder when p is divided by 45?
6
Let s = -538 - -565. What is the remainder when 345 is divided by s?
21
Suppose 0 = -4*h + 4*b + 256, -2*b - 59 = -5*h + 4*h. Suppose -h + 15 = -3*z. What is the remainder when 286 is divided by z?
16
Suppose -6*l + 100 = -l. Let m = 280 + -169. Calculate the remainder when m is divided by l.
11
Let o(l) = -4*l**3 - 7*l**2 - 8*l. Let y be o(-6). Suppose -10*n - n = -y. Suppose 2*t - n = -0*t. Calculate the remainder when 89 is divided by t.
29
Let k(r) = -69*r - 158. Let u be k(-10). Suppose 2*n + 524 = u. What is the remainder when 5 is divided by n?
1
Suppose 2*n + 25 = 3*i, 51*n - 49*n = 2*i - 12. Calculate the remainder when (1 + -2)/((-1)/178) is divided by i.
9
Calculate the remainder when ((-130)/39)/((-20)/216) is divided by ((-124)/(-6))/1 - 1/(-3).
15
Let a(u) = 7*u - 83. Let p be a(25). Suppose -89*v + p*v - 54 = 0. What is the remainder when 70 is divided by v?
16
Suppose -4*n + 11 = -1. Let a(w) = w**2 + 2*w + 4. Suppose 4*i - z = 53, 0 = 6*z - 10*z - 20. What is the remainder when a(n) is divided by i?
7
Suppose d = 2*v - 67, 2*d = v - 27 + 1. Let u(i) = 14*i**2 + 70*i - 38. Calculate the remainder when u(-9) is divided by v.
